rs of 29125185.
3, 5, 113, 17183
What are the prime factors of 8700581?
8700581
What are the prime factors of 356449?
356449
List the prime factors of 4204527.
3, 421, 3329
What are the prime factors of 8506594?
2, 353, 12049
List the prime factors of 7582492.
2, 1895623
What are the prime factors of 37129420?
2, 5, 19, 199, 491
List the prime factors of 7370543.
7370543
List the prime factors of 20050591.
11, 1822781
What are the prime factors of 2591326?
2, 107, 12109
List the prime factors of 16631.
16631
What are the prime factors of 331679?
47, 7057
List the prime factors of 2275080.
2, 3, 5, 18959
List the prime factors of 740966.
2, 370483
What are the prime factors of 15148822?
2, 13, 44819
What are the prime factors of 402761?
402761
List the prime factors of 998373.
3, 332791
What are the prime factors of 23156074?
2, 17, 681061
List the prime factors of 1884288.
2, 3, 7, 701
What are the prime factors of 11461820?
2, 5, 23, 24917
What are the prime factors of 418698?
2, 3, 7, 3323
What are the prime factors of 7259067?
3, 37, 21799
What are the prime factors of 3683158?
2, 1841579
What are the prime factors of 327007?
327007
What are the prime factors of 3139332?
2, 3, 7, 19, 281
List the prime factors of 1517026.
2, 7, 108359
What are the prime factors of 923367?
3, 347, 887
List the prime factors of 21086207.
3463, 6089
List the prime factors of 3444666.
2, 3, 83, 6917
What are the prime factors of 284772?
2, 3, 19, 1249
What are the prime factors of 703584?
2, 3, 7, 349
List the prime factors of 231907.
13, 17839
What are the prime factors of 34797720?
2, 3, 5, 409, 709
What are the prime factors of 807731?
807731
List the prime factors of 16934051.
16934051
List the prime factors of 14366324.
2, 7, 513083
What are the prime factors of 14678944?
2, 7, 19, 3449
What are the prime factors of 11677129?
11677129
List the prime factors of 3322496.
2, 101, 257
List the prime factors of 22845822.
2, 3, 31, 122827
List the prime factors of 110462.
2, 11, 5021
List the prime factors of 200511.
3, 22279
What are the prime factors of 642283?
37, 17359
List the prime factors of 474525.
3, 5, 19, 37
List the prime factors of 2149681.
2149681
List the prime factors of 8181119.
8181119
What are the prime factors of 13026780?
2, 3, 5, 13, 19, 293
List the prime factors of 17246813.
19, 907727
What are the prime factors of 4455110?
2, 5, 11, 101, 401
What are the prime factors of 470892?
2, 3, 39241
What are the prime factors of 2446802?
2, 71, 17231
What are the prime factors of 907420?
2, 5, 59, 769
What are the prime factors of 561147?
3, 187049
What are the prime factors of 13186733?
7, 269117
List the prime factors of 88853.
88853
What are the prime factors of 208817?
7, 23, 1297
What are the prime factors of 1027883?
1027883
List the prime factors of 33955.
5, 6791
List the prime factors of 1064699.
1064699
List the prime factors of 7967310.
2, 3, 5, 13, 31, 659
List the prime factors of 2350775.
5, 7, 19, 101
List the prime factors of 104535.
3, 5, 23, 101
What are the prime factors of 1769182?
2, 884591
What are the prime factors of 4312448?
2, 7, 4813
What are the prime factors of 23690718?
2, 3, 146239
What are the prime factors of 95466?
2, 3, 7, 2273
What are the prime factors of 464738?
2, 23, 10103
List the prime factors of 24446080.
2, 5, 38197
List the prime factors of 228565.
5, 17, 2689
What are the prime factors of 15457381?
15457381
What are the prime factors of 13555566?
2, 3, 373, 673
List the prime factors of 181675.
5, 13, 43
List the prime factors of 1712496.
2, 3, 35677
What are the prime factors of 2531955?
3, 5, 23, 41, 179
What are the prime factors of 435861?
3, 5381
List the prime factors of 929562.
2, 3, 154927
List the prime factors of 10084289.
10084289
What are the prime factors of 806999?
806999
List the prime factors of 3282355.
5, 656471
List the prime factors of 312045.
3, 5, 71, 293
List the prime factors of 502216.
2, 11, 13, 439
List the prime factors of 1651240.
2, 5, 41281
What are the prime factors of 5499972?
2, 3, 152777
List the prime factors of 1015899.
3, 29, 11677
What are the prime factors of 6018554?
2, 19, 41, 3863
List the prime factors of 2524311.
3, 93493
What are the prime factors of 1253884?
2, 313471
List the prime factors of 4795480.
2, 5, 101, 1187
What are the prime factors of 61501?
11, 5591
What are the prime factors of 1003553?
83, 107, 113
List the prime factors of 11937854.
2, 5968927
List the prime factors of 1283356.
2, 320839
What are the prime factors of 14996404?
2, 3749101
List the prime factors of 8579080.
2, 5, 139, 1543
What are the prime factors of 7505370?
2, 3, 5, 89, 937
What are the prime factors of 58032?
2, 3, 13, 31
List the prime factors of 5388221.
47, 114643
What are the prime factors of 1009866?
2, 3, 11, 13, 107
List the prime factors of 410141.
410141
What are the prime factors of 141280?
2, 5, 883
List the prime factors of 636286.
2, 7, 47, 967
List the prime factors of 3188429.
3188429
List the prime factors of 2905629.
3, 41, 23623
List the prime factors of 1232526.
2, 3, 205421
What are the prime factors of 12250611?
3, 19, 31, 2311
List the prime factors of 111930.
2, 3, 5, 7, 13, 41
What are the prime factors of 318040?
2, 5, 7951
List the prime factors of 26681849.
26681849
List the prime factors of 253661.
253661
List the prime factors of 574929.
3, 127, 503
List the prime factors of 337790.
2, 5, 17, 1987
What are the prime factors of 5668991?
43, 131837
What are the prime factors of 136578?
2, 3, 13, 17, 103
List the prime factors of 392484.
2, 3, 32707
List the prime factors of 9056633.
9056633
What are the prime factors of 928048?
2, 11, 5273
List the prime factors of 56749.
7, 11, 67
What are the prime factors of 3188653?
13, 61, 4021
List the prime factors of 1729743.
3, 576581
What are the prime factors of 386086?
2, 193043
List the prime factors of 7027396.
2, 29, 2089
What are the prime factors of 32706?
2, 3, 23, 79
What are the prime factors of 938940?
2, 3, 5, 15649
What are the prime factors of 448864?
2, 13, 83
What are the prime factors of 5817810?
2, 3, 5, 53, 3659
What are the prime factors of 898092?
2, 3, 13, 19, 101
List the prime factors of 354148.
2, 29, 43, 71
List the prime factors of 284032.
2, 7, 317
List the prime factors of 7093972.
2, 523, 3391
What are the prime factors of 163375?
5, 1307
What are the prime factors of 63025?
5, 2521
List the prime factors of 839006.
2, 7, 59929
List the prime factors of 13466908.
2, 7, 13, 36997
List the prime factors of 1638218.
2, 19, 2269
List the prime factors of 27136.
2, 53
List the prime factors of 13074437.
71, 107, 1721
What are the prime factors of 682029?
3, 75781
What are the prime factors of 5716387?
5716387
List the prime factors of 8901102.
2, 3, 7, 211931
What are the prime factors of 100933?
7, 14419
List the prime factors of 48493.
71, 683
What are the prime factors of 2070888?
2, 3, 86287
What are the prime factors of 2686946?
2, 193, 6961
List the prime factors of 1139359.
13, 87643
List the prime factors of 44702.
2, 7, 31, 103
What are the prime factors of 6672246?
2, 3, 7, 158863
List the prime factors of 7478438.
2, 11, 19, 17891
What are the prime factors of 14374611?
3, 37, 14389
What are the prime factors of 28076?
2, 7019
List the prime factors of 27202529.
27202529
List the prime factors of 532701.
3, 13, 29, 157
What are the prime factors of 980588?
2, 7, 5003
List the prime factors of 2996464.
2, 137, 1367
List the prime factors of 115762.
2, 57881
What are the prime factors of 416305?
5, 139, 599
What are the prime factors of 277334?
2, 23, 6029
List the prime factors of 5915977.
5915977
What are the prime factors of 1210741?
7, 24709
What are the prime factors of 2050525?
5, 82021
What are the prime factors of 5693426?
2, 19, 149827
What are the prime factors of 4138699?
97, 42667
What are the prime factors of 748475?
5, 7, 13, 47
What are the prime factors of 155126?
2, 77563
What are the prime factors of 7941172?
2, 1985293
List the prime factors of 18181059.
3, 13, 466181
What are the prime factors of 12733426?
2, 463, 13751
What are the prime factors of 325158?
2, 3, 54193
What are the prime factors of 598193?
598193
What are the prime factors o